[INFO] cloning repository https://github.com/TexasNectarMeadery/RustyShackleford
[INFO] running `Command { std: "git" "-c" "credential.helper=" "-c" "credential.helper=/workspace/cargo-home/bin/git-credential-null" "clone" "--bare" "https://github.com/TexasNectarMeadery/RustyShackleford" "/workspace/cache/git-repos/https%3A%2F%2Fgithub.com%2FTexasNectarMeadery%2FRustyShackleford", kill_on_drop: false }`
[INFO] [stderr] Cloning into bare repository '/workspace/cache/git-repos/https%3A%2F%2Fgithub.com%2FTexasNectarMeadery%2FRustyShackleford'...
[INFO] running `Command { std: "git" "rev-parse" "HEAD", kill_on_drop: false }`
[INFO] [stdout] e81e5fcb9df0355823d5e3ad45cce22754e76d4b
[INFO] checking TexasNectarMeadery/RustyShackleford against master#e6e4f7ed1589e03bc2f6c5931c1a72e7947e8682 for beta-170-4
[INFO] running `Command { std: "git" "clone" "/workspace/cache/git-repos/https%3A%2F%2Fgithub.com%2FTexasNectarMeadery%2FRustyShackleford" "/workspace/builds/worker-1-tc2/source", kill_on_drop: false }`
[INFO] [stderr] Cloning into '/workspace/builds/worker-1-tc2/source'...
[INFO] [stderr] done.
[INFO] validating manifest of git repo https://github.com/TexasNectarMeadery/RustyShackleford on toolchain e6e4f7ed1589e03bc2f6c5931c1a72e7947e8682
[INFO] running `Command { std: CARGO_HOME="/workspace/cargo-home" RUSTUP_HOME="/workspace/rustup-home" "/workspace/cargo-home/bin/cargo" "+e6e4f7ed1589e03bc2f6c5931c1a72e7947e8682" "metadata" "--manifest-path" "Cargo.toml" "--no-deps", kill_on_drop: false }`
[INFO] started tweaking git repo https://github.com/TexasNectarMeadery/RustyShackleford
[INFO] finished tweaking git repo https://github.com/TexasNectarMeadery/RustyShackleford
[INFO] tweaked toml for git repo https://github.com/TexasNectarMeadery/RustyShackleford written to /workspace/builds/worker-1-tc2/source/Cargo.toml
[INFO] crate git repo https://github.com/TexasNectarMeadery/RustyShackleford already has a lockfile, it will not be regenerated
[INFO] running `Command { std: CARGO_HOME="/workspace/cargo-home" RUSTUP_HOME="/workspace/rustup-home" "/workspace/cargo-home/bin/cargo" "+e6e4f7ed1589e03bc2f6c5931c1a72e7947e8682" "fetch" "--manifest-path" "Cargo.toml", kill_on_drop: false }`
[INFO] running `Command { std: "docker" "create" "-v" "/var/lib/crater-agent-workspace/builds/worker-1-tc2/target:/opt/rustwide/target:rw,Z" "-v" "/var/lib/crater-agent-workspace/builds/worker-1-tc2/source:/opt/rustwide/workdir:ro,Z" "-v" "/var/lib/crater-agent-workspace/cargo-home:/opt/rustwide/cargo-home:ro,Z" "-v" "/var/lib/crater-agent-workspace/rustup-home:/opt/rustwide/rustup-home:ro,Z" "-e" "SOURCE_DIR=/opt/rustwide/workdir" "-e" "CARGO_TARGET_DIR=/opt/rustwide/target" "-e" "CARGO_HOME=/opt/rustwide/cargo-home" "-e" "RUSTUP_HOME=/opt/rustwide/rustup-home" "-w" "/opt/rustwide/workdir" "-m" "1610612736" "--user" "0:0" "--network" "none" "ghcr.io/rust-lang/crates-build-env/linux@sha256:19e73879b68f455e41552ea35293514db52ea292d993f571636dbffedb77a1ee" "/opt/rustwide/cargo-home/bin/cargo" "+e6e4f7ed1589e03bc2f6c5931c1a72e7947e8682" "metadata" "--no-deps" "--format-version=1", kill_on_drop: false }`
[INFO] [stdout] facc818407758165cf9516b1d4c8ebd4d9571ee3a7a26dbfc2f9a316652ea92d
[INFO] running `Command { std: "docker" "start" "-a" "facc818407758165cf9516b1d4c8ebd4d9571ee3a7a26dbfc2f9a316652ea92d", kill_on_drop: false }`
[INFO] running `Command { std: "docker" "inspect" "facc818407758165cf9516b1d4c8ebd4d9571ee3a7a26dbfc2f9a316652ea92d", kill_on_drop: false }`
[INFO] running `Command { std: "docker" "rm" "-f" "facc818407758165cf9516b1d4c8ebd4d9571ee3a7a26dbfc2f9a316652ea92d", kill_on_drop: false }`
[INFO] [stdout] facc818407758165cf9516b1d4c8ebd4d9571ee3a7a26dbfc2f9a316652ea92d
[INFO] running `Command { std: "docker" "create" "-v" "/var/lib/crater-agent-workspace/builds/worker-1-tc2/target:/opt/rustwide/target:rw,Z" "-v" "/var/lib/crater-agent-workspace/builds/worker-1-tc2/source:/opt/rustwide/workdir:ro,Z" "-v" "/var/lib/crater-agent-workspace/cargo-home:/opt/rustwide/cargo-home:ro,Z" "-v" "/var/lib/crater-agent-workspace/rustup-home:/opt/rustwide/rustup-home:ro,Z" "-e" "SOURCE_DIR=/opt/rustwide/workdir" "-e" "CARGO_TARGET_DIR=/opt/rustwide/target" "-e" "CARGO_INCREMENTAL=0" "-e" "RUST_BACKTRACE=full" "-e" "RUSTFLAGS=--cap-lints=forbid" "-e" "RUSTDOCFLAGS=--cap-lints=forbid" "-e" "CARGO_HOME=/opt/rustwide/cargo-home" "-e" "RUSTUP_HOME=/opt/rustwide/rustup-home" "-w" "/opt/rustwide/workdir" "-m" "1610612736" "--user" "0:0" "--network" "none" "ghcr.io/rust-lang/crates-build-env/linux@sha256:19e73879b68f455e41552ea35293514db52ea292d993f571636dbffedb77a1ee" "/opt/rustwide/cargo-home/bin/cargo" "+e6e4f7ed1589e03bc2f6c5931c1a72e7947e8682" "check" "--frozen" "--all" "--all-targets" "--message-format=json", kill_on_drop: false }`
[INFO] [stdout] 9124a0cab2536ea0622d13af1fab741c33e3c07cb153774814108565716073c2
[INFO] running `Command { std: "docker" "start" "-a" "9124a0cab2536ea0622d13af1fab741c33e3c07cb153774814108565716073c2", kill_on_drop: false }`
[INFO] [stderr]    Compiling unicode-xid v0.2.2
[INFO] [stderr]    Compiling libc v0.2.124
[INFO] [stderr]    Compiling syn v1.0.91
[INFO] [stderr]    Compiling log v0.4.16
[INFO] [stderr]    Compiling memchr v2.4.1
[INFO] [stderr]     Checking pin-project-lite v0.2.8
[INFO] [stderr]    Compiling futures-core v0.3.21
[INFO] [stderr]     Checking bytes v1.1.0
[INFO] [stderr]    Compiling serde_derive v1.0.136
[INFO] [stderr]    Compiling serde v1.0.136
[INFO] [stderr]     Checking futures-sink v0.3.21
[INFO] [stderr]     Checking once_cell v1.10.0
[INFO] [stderr]    Compiling futures-channel v0.3.21
[INFO] [stderr]    Compiling futures-task v0.3.21
[INFO] [stderr]    Compiling generic-array v0.14.5
[INFO] [stderr]     Checking fnv v1.0.7
[INFO] [stderr]    Compiling futures-util v0.3.21
[INFO] [stderr]     Checking futures-io v0.3.21
[INFO] [stderr]    Compiling proc-macro2 v1.0.37
[INFO] [stderr]    Compiling rustls v0.20.4
[INFO] [stderr]    Compiling httparse v1.7.0
[INFO] [stderr]     Checking pin-utils v0.1.0
[INFO] [stderr]     Checking slab v0.4.6
[INFO] [stderr]     Checking tinyvec v1.5.1
[INFO] [stderr]     Checking tracing-core v0.1.26
[INFO] [stderr]    Compiling indexmap v1.8.1
[INFO] [stderr]    Compiling num-traits v0.2.14
[INFO] [stderr]     Checking hashbrown v0.11.2
[INFO] [stderr]     Checking http v0.2.6
[INFO] [stderr]     Checking unicode-bidi v0.3.7
[INFO] [stderr]     Checking try-lock v0.2.3
[INFO] [stderr]    Compiling num-integer v0.1.44
[INFO] [stderr]    Compiling quote v1.0.18
[INFO] [stderr]     Checking want v0.3.0
[INFO] [stderr]    Compiling serde_json v1.0.79
[INFO] [stderr]     Checking cpufeatures v0.2.2
[INFO] [stderr]     Checking httpdate v1.0.2
[INFO] [stderr]     Checking tower-service v0.3.1
[INFO] [stderr]     Checking utf-8 v0.7.6
[INFO] [stderr]     Checking byteorder v1.4.3
[INFO] [stderr]    Compiling async-trait v0.1.53
[INFO] [stderr]     Checking rustls-pemfile v0.3.0
[INFO] [stderr]     Checking num_threads v0.1.5
[INFO] [stderr]    Compiling serenity v0.11.1
[INFO] [stderr]     Checking ipnet v2.5.0
[INFO] [stderr]     Checking aho-corasick v0.7.18
[INFO] [stderr]     Checking static_assertions v1.1.0
[INFO] [stderr]     Checking regex-syntax v0.6.25
[INFO] [stderr]     Checking crypto-common v0.1.3
[INFO] [stderr]     Checking block-buffer v0.10.2
[INFO] [stderr]     Checking levenshtein v1.0.5
[INFO] [stderr]     Checking uwl v0.6.0
[INFO] [stderr]     Checking bitflags v1.3.2
[INFO] [stderr]     Checking typemap_rev v0.1.5
[INFO] [stderr]     Checking dict v0.1.5
[INFO] [stderr]     Checking digest v0.10.3
[INFO] [stderr]     Checking unicode-normalization v0.1.19
[INFO] [stderr]     Checking socket2 v0.4.4
[INFO] [stderr]     Checking ring v0.16.20
[INFO] [stderr]     Checking mio v0.8.2
[INFO] [stderr]     Checking num_cpus v1.13.1
[INFO] [stderr]     Checking getrandom v0.2.6
[INFO] [stderr]     Checking flate2 v1.0.23
[INFO] [stderr]     Checking sha-1 v0.10.0
[INFO] [stderr]     Checking rand_core v0.6.3
[INFO] [stderr]     Checking rand_chacha v0.3.1
[INFO] [stderr]     Checking ordered-float v2.10.0
[INFO] [stderr]     Checking rand v0.8.5
[INFO] [stderr]     Checking idna v0.2.3
[INFO] [stderr]     Checking http-body v0.4.4
[INFO] [stderr]     Checking webpki v0.22.0
[INFO] [stderr]     Checking sct v0.7.0
[INFO] [stderr]     Checking webpki-roots v0.22.3
[INFO] [stderr]     Checking regex v1.5.5
[INFO] [stderr]     Checking futures v0.3.21
[INFO] [stderr]    Compiling tokio-macros v1.7.0
[INFO] [stderr]    Compiling tracing-attributes v0.1.20
[INFO] [stderr]    Compiling thiserror-impl v1.0.30
[INFO] [stderr]    Compiling command_attr v0.4.0
[INFO] [stderr]     Checking tokio v1.17.0
[INFO] [stderr]     Checking thiserror v1.0.30
[INFO] [stderr]     Checking tracing v0.1.34
[INFO] [stderr]     Checking tokio-util v0.7.1
[INFO] [stderr]     Checking tokio-rustls v0.23.3
[INFO] [stderr]     Checking tokio-util v0.6.9
[INFO] [stderr]     Checking h2 v0.3.13
[INFO] [stderr]     Checking url v2.2.2
[INFO] [stderr]     Checking serde_urlencoded v0.7.1
[INFO] [stderr]     Checking time v0.3.9
[INFO] [stderr]     Checking serde-value v0.7.0
[INFO] [stderr]     Checking chrono v0.4.19
[INFO] [stderr]     Checking tungstenite v0.17.2
[INFO] [stderr]     Checking async-tungstenite v0.17.2
[INFO] [stderr]     Checking hyper v0.14.18
[INFO] [stderr]     Checking hyper-rustls v0.23.0
[INFO] [stderr]     Checking reqwest v0.11.10
[INFO] [stderr]     Checking rusty_shackleford v0.1.0 (/opt/rustwide/workdir)
[INFO] [stdout] error[E0583]: file not found for module `config`
[INFO] [stdout]   --> src/main.rs:20:1
[INFO] [stdout]    |
[INFO] [stdout] 20 | pub mod config;
[INFO] [stdout]    | ^^^^^^^^^^^^^^^
[INFO] [stdout]    |
[INFO] [stdout]    = help: to create the module `config`, create file "src/config.rs" or "src/config/mod.rs"
[INFO] [stdout] 
[INFO] [stdout] 
[INFO] [stdout] error[E0583]: file not found for module `config`
[INFO] [stdout]   --> src/main.rs:20:1
[INFO] [stdout]    |
[INFO] [stdout] 20 | pub mod config;
[INFO] [stdout]    | ^^^^^^^^^^^^^^^
[INFO] [stdout]    |
[INFO] [stdout]    = help: to create the module `config`, create file "src/config.rs" or "src/config/mod.rs"
[INFO] [stdout] 
[INFO] [stdout] 
[INFO] [stdout] error[E0433]: failed to resolve: could not find `config` in `config`
[INFO] [stdout]    --> src/main.rs:178:17
[INFO] [stdout]     |
[INFO] [stdout] 178 |         config::config::guild();
[INFO] [stdout]     |                 ^^^^^^ could not find `config` in `config`
[INFO] [stdout] 
[INFO] [stdout] 
[INFO] [stdout] error[E0433]: failed to resolve: could not find `config` in `config`
[INFO] [stdout]    --> src/main.rs:178:17
[INFO] [stdout]     |
[INFO] [stdout] 178 |         config::config::guild();
[INFO] [stdout]     |                 ^^^^^^ could not find `config` in `config`
[INFO] [stdout] 
[INFO] [stdout] 
[INFO] [stdout] error[E0433]: failed to resolve: could not find `config` in `config`
[INFO] [stdout]    --> src/main.rs:285:13
[INFO] [stdout]     |
[INFO] [stdout] 285 |     config::config::main();
[INFO] [stdout]     |             ^^^^^^ could not find `config` in `config`
[INFO] [stdout] 
[INFO] [stdout] 
[INFO] [stdout] error[E0433]: failed to resolve: could not find `config` in `config`
[INFO] [stdout]    --> src/main.rs:285:13
[INFO] [stdout]     |
[INFO] [stdout] 285 |     config::config::main();
[INFO] [stdout]     |             ^^^^^^ could not find `config` in `config`
[INFO] [stdout] 
[INFO] [stdout] 
[INFO] [stdout] error: aborting due to 3 previous errors
[INFO] [stdout] 
[INFO] [stdout] 
[INFO] [stdout] Some errors have detailed explanations: E0433, E0583.
[INFO] [stdout] 
[INFO] [stdout] For more information about an error, try `rustc --explain E0433`.
[INFO] [stdout] 
[INFO] [stdout] error: aborting due to 3 previous errors
[INFO] [stdout] 
[INFO] [stdout] 
[INFO] [stdout] Some errors have detailed explanations: E0433, E0583.
[INFO] [stdout] 
[INFO] [stdout] For more information about an error, try `rustc --explain E0433`.
[INFO] [stdout] 
[INFO] [stderr] error: could not compile `rusty_shackleford` (bin "rusty_shackleford") due to 4 previous errors
[INFO] [stderr] warning: build failed, waiting for other jobs to finish...
[INFO] [stderr] error: could not compile `rusty_shackleford` (bin "rusty_shackleford" test) due to 4 previous errors
[INFO] running `Command { std: "docker" "inspect" "9124a0cab2536ea0622d13af1fab741c33e3c07cb153774814108565716073c2", kill_on_drop: false }`
[INFO] running `Command { std: "docker" "rm" "-f" "9124a0cab2536ea0622d13af1fab741c33e3c07cb153774814108565716073c2", kill_on_drop: false }`
[INFO] [stdout] 9124a0cab2536ea0622d13af1fab741c33e3c07cb153774814108565716073c2
